28?
False
Does 157 divide 18526?
True
Is 576 a multiple of 9?
True
Is 32 a factor of 1049?
False
Does 24 divide 936?
True
Does 12 divide 22754?
False
Is 54 a factor of 164?
False
Is 62415 a multiple of 45?
True
Is 50 a factor of 1850?
True
Does 26 divide 49867?
False
Is 31885 a multiple of 21?
False
Does 8 divide 26357?
False
Does 30 divide 9540?
True
Does 118 divide 136408?
True
Does 13 divide 201?
False
Is 520 a multiple of 5?
True
Does 19 divide 1349?
True
Is 19 a factor of 22515?
True
Does 26 divide 869?
False
Is 16091 a multiple of 68?
False
Is 2408 a multiple of 25?
False
Is 6 a factor of 482?
False
Does 9 divide 3420?
True
Is 30 a factor of 29400?
True
Is 5 a factor of 15955?
True
Is 18 a factor of 3823?
False
Does 51 divide 2856?
True
Does 8 divide 504?
True
Is 1400 a multiple of 10?
True
Does 8 divide 41624?
True
Does 11 divide 96?
False
Is 386 a factor of 34165?
False
Is 6 a factor of 444?
True
Is 10676 a multiple of 44?
False
Does 23 divide 396?
False
Is 10 a factor of 21770?
True
Does 9 divide 1776?
False
Does 56 divide 3936?
False
Is 76 a factor of 76?
True
Is 43 a factor of 834?
False
Is 15 a factor of 1380?
True
Is 536 a multiple of 8?
True
Is 8 a factor of 12?
False
Does 33 divide 7425?
True
Is 19518 a multiple of 103?
False
Does 17 divide 5892?
False
Is 199 a multiple of 9?
False
Is 2376 a multiple of 108?
True
Is 3600 a multiple of 18?
True
Is 2 a factor of 167?
False
Is 6 a factor of 1356?
True
Is 17 a factor of 7956?
True
Is 31 a factor of 143?
False
Is 4480 a multiple of 132?
False
Is 2028 a multiple of 52?
True
Is 16912 a multiple of 56?
True
Does 49 divide 6174?
True
Is 2 a factor of 16?
True
Does 3 divide 4305?
True
Is 1829 a multiple of 8?
False
Does 131 divide 77467?
False
Does 14 divide 952?
True
Does 233 divide 11883?
True
Is 4012 a multiple of 59?
True
Is 14 a factor of 61712?
True
Is 7909 a multiple of 168?
False
Is 31 a factor of 4322?
False
Is 1787 a multiple of 57?
False
Is 1694 a multiple of 22?
True
Does 32 divide 4446?
False
Does 7 divide 1841?
True
Does 29 divide 319?
True
Does 42 divide 56364?
True
Is 4 a factor of 825?
False
Is 5872 a multiple of 13?
False
Is 9387 even?
False
Is 25 a factor of 27450?
True
Does 13 divide 717?
False
Does 56 divide 224?
True
Is 19 a factor of 10146?
True
Is 22064 a multiple of 36?
False
Is 4 a factor of 1701?
False
Is 21 a factor of 42?
True
Does 10 divide 14747?
False
Is 11900 a multiple of 20?
True
Is 69 a factor of 1587?
True
Is 16888 a multiple of 30?
False
Does 21 divide 252?
True
Is 612 a multiple of 17?
True
Is 16 a factor of 2394?
False
Is 378 a multiple of 21?
True
Does 13 divide 72?
False
Does 25 divide 355?
False
Is 8 a factor of 56?
True
Does 59 divide 5505?
False
Is 20 a factor of 50900?
True
Is 45 a factor of 585?
True
Is 45 a factor of 13647?
False
Does 2 divide 10187?
False
Is 24985 a multiple of 8?
False
Is 240 a factor of 25920?
True
Is 24 a factor of 159444?
False
Is 15344 a multiple of 4?
True
Is 4 a factor of 776?
True
Does 31 divide 1364?
True
Is 25 a factor of 1047?
False
Is 44 a factor of 2200?
True
Is 3960 a multiple of 20?
True
Does 259 divide 86433?
False
Is 43 a factor of 271?
False
Is 5080 a multiple of 8?
True
Is 78 a factor of 6942?
True
Is 16 a factor of 2399?
False
Is 22 a factor of 1060?
False
Is 35 a factor of 880?
False
Is 47 a factor of 4088?
False
Does 11 divide 1520?
False
Is 174 a factor of 4458?
False
Is 11400 a multiple of 12?
True
Is 8310 a multiple of 8?
False
Is 53 a factor of 1166?
True
Is 124 a factor of 101556?
True
Does 65 divide 596?
False
Is 191 a multiple of 3?
False
Is 1431 a multiple of 12?
False
Is 6120 a multiple of 13?
False
Does 91 divide 91?
True
Does 4 divide 43548?
True
Is 12 a factor of 668?
False
Is 5833 a multiple of 50?
False
Does 41 divide 29990?
False
Does 22 divide 19580?
True
Does 18 divide 1224?
True
Is 2 a factor of 1630?
True
Does 5 divide 2649?
False
Does 7 divide 42?
True
Is 1365 a multiple of 8?
False
Is 137 a factor of 50983?
False
Does 265 divide 25175?
True
Is 13 a factor of 2451?
False
Is 44 a multiple of 4?
True
Does 17 divide 6018?
True
Is 18 a factor of 558?
True
Does 10 divide 160?
True
Is 6810 a multiple of 61?
False
Is 6 a factor of 2538?
True
Does 8 divide 288?
True
Is 7 a factor of 1778?
True
Does 7 divide 37?
False
Does 12 divide 141?
False
Does 20 divide 11880?
True
Is 1290 a multiple of 30?
True
Is 96 a multiple of 16?
True
Is 1046 a multiple of 79?
False
Is 29 a factor of 869?
False
Does 6 divide 2520?
True
Is 72 a factor of 18936?
True
Is 18259 a multiple of 81?
False
Does 8 divide 264?
True
Is 147 a multiple of 3?
True
Does 8 divide 1792?
True
Does 29 divide 522?
True
Is 62 a factor of 707?
False
Is 4864 a multiple of 128?
True
Does 14 divide 5826?
False
Does 112 divide 18543?
False
Is 162 a factor of 80980?
False
Is 604 a multiple of 7?
False
Is 84 a multiple of 21?
True
Is 970 a multiple of 90?
False
Is 401 a multiple of 3?
False
Does 46 divide 1564?
True
Is 1348 a multiple of 19?
False
Is 125 a factor of 48625?
True
Does 76 divide 2929?
False
Is 136 a factor of 53176?
True
Does 68 divide 5526?
False
Does 36 divide 15606?
False
Does 59 divide 5487?
True
Is 9 a factor of 1089?
True
Does 5 divide 6412?
False
Is 17244 a multiple of 43?
False
Does 13 divide 6714?
False
Is 25 a factor of 3893?
False
Is 5989 a multiple of 68?
False
Is 6811 a multiple of 22?
False
Does 80 divide 865?
False
Is 32 a factor of 458?
False
Is 16544 a multiple of 114?
False
Does 54 divide 3919?
False
Is 39 a multiple of 5?
False
Does 42 divide 2223?
False
Does 5 divide 122?
False
Does 24 divide 3010?
False
Does 7 divide 20419?
True
Does 42 divide 2478?
True
Does 14 divide 1824?
False
Does 28 divide 1776?
False
Is 21 a factor of 212?
False
Is 13 a factor of 11713?
True
Is 21 a factor of 959?
False
Does 37 divide 12210?
True
Is 2106 a multiple of 39?
True
Does 12 divide 4656?
True
Is 195 a multiple of 31?
False
Is 152574 a multiple of 41?
False
Does 157 divide 42547?
True
Does 320 divide 19840?
True
Is 57 a factor of 9414?
False
Does 6 divide 3787?
False
Is 10 a factor of 960?
True
Does 6 divide 6729?
False
Is 138 a multiple of 27?
False
Is 74 a multiple of 4?
False
Is 1701 a multiple of 28?
False
Is 10166 a multiple of 47?
False
Does 77 divide 5159?
True
Does 4 divide 571?
False
Is 31 a factor of 713?
True
Does 2 divide 399?
False
Does 58 divide 407?
False
Is 1972 a multiple of 68?
True
Is 33 a factor of 6481?
False
Is 40 a factor of 1680?
True
Is 3955 a multiple of 21?
False
Is 1765 a multiple of 77?
False
Is 857 a multiple of 69?
False
Is 6 a factor of 9300?
True
Does 11 divide 307?
False
Does 80 divide 35483?
False
Is 30107 a multiple of 17?
True
Does 19 divide 152?
True
Is 1990 a multiple of 36?
False
Is 25655 a multiple of 35?
True
Is 17 a factor of 1516?
False
Is 18598 a multiple of 34?
True
Is 7 a factor of 2322?
False
Does 13 divide 663?
True
Does 4 divide 691?
False
Does 7 divide 14137?
False
Is 33 a factor of 10692?
True
Does 6 divide 3578?
False
Is 3061 a multiple of 15?
False
Is 53 a factor of 6943?
True
Does 19 divide 5092?
True
Is 2394 a multiple of 21?
True
Is 35964 a multiple of 54?
True
Is 17 a factor of 7922?
True
Does 15 divide 1074?
False
Is 54 a factor of 594?
True
Is 105 a factor of 5869?
False
Is 4479 a multiple of 63?
False
Does 53 divide 5618?
True
Is 15 a factor of 1169?
False
Is 26 a factor of 416?
True
Is 18 a factor of 124042?
False
Is 19 a factor of 2413?
True
Is 1400 a multiple of 8?
True
Does 248 divide 35580?
False
Does 19 divide 13063?
False
Is 33 a factor of 351?
False
Is 909 a multiple of 3?
True
Does 2 divide 10052?
True
Is 2484 a multiple of 207?
True
Is 69 a factor of 255?
False
Is 35 a factor of 3080?
True
Is 1462 a multiple of 57?
False
Is 24 a factor of 1601?
False
Does 29 divide 100?
False
Is 371 a factor of 92008?
True
Does 44 divide 405?
False
Does 13 divide 3263?
True
Is 26084 a multiple of 4?
True
Is 41 a multiple of 41?
True
Is 166 a factor of 109326?
False
Is 7586 a multiple of 3?
False
Is 15927 a multiple of 46?
False
Is 15 a factor of 2706?
False
Does 9 divide 13833?
True
Is 3655 a multiple of 53?
False
Is 12 a factor of 5889?
False
Is 13 a factor of 1586?
True
Does 2 divide 2094?
True
Does 136 divide 53775?
False
Is 19624 a multiple of 11?
True
Does 81 div